 + 2*i + 125. Let k be g(-60). Let d(c) = -3*c - 9. What is d(k)?
-24
Let r be -1*1/(-8)*60/90. Let x(g) be the third derivative of -7*g**2 + 0 + 0*g + 1/3*g**3 + r*g**4. Determine x(-2).
-2
Let k(x) = -x**3 + 12*x**2 + 15*x - 16. Let b(y) = y**2 + 6*y + 6. Let g be b(-7). Determine k(g).
10
Let x(r) = -r**2 + 11*r + 8. Let j(w) be the third derivative of -w**5/60 + w**4/2 + 3*w**3/2 - 10*w**2. Let t(h) = 5*j(h) - 6*x(h). Calculate t(6).
-3
Let p(l) be the second derivative of -l**5/24 - l**4/12 + 11*l**3/6 - 8*l. Let f(k) be the second derivative of p(k). Determine f(2).
-12
Let h(x) be the first derivative of 1/2*x**2 - 2 + 4*x. What is h(4)?
8
Suppose 25*n = 101 + 24. Suppose 2*r + 4*x - 18 = 0, -r - 2*x + 60 = 3*r. Let s(h) = h + r*h**2 + n*h - 7*h. Give s(-1).
18
Let g be (53/(-4))/(11/(-44)). Let r = g + -51. Let h(d) = 4*d + 2. Give h(r).
10
Let b(f) = -f**2 + 2*f - 2. Let s(y) = -25*y + 120. Let d be s(5). Give b(d).
-37
Let r be 22/(-55) + 6/(-10). Let i(g) = 2*g - 1. Let p(c) = -c. Let d(y) = -i(y) + 5*p(y). Give d(r).
8
Suppose -6*v + 8 - 14 = 0. Let n(r) = -12*r**3 + r**2 + r. Give n(v).
12
Let b(x) = 7*x**2 - 13*x - 3. Let u(y) = -20*y**2 + 38*y + 7. Let n(g) = 17*b(g) + 6*u(g). What is n(7)?
-9
Let n(f) = -2*f - 9. Let t = -44 - 85. Let v = t - -123. Determine n(v).
3
Let c(g) = -89*g + 5. Let t(f) = 39*f - 3. Let b(l) = -4*c(l) - 9*t(l). What is b(-2)?
-3
Let h be (-2)/3*15/10. Let m(r) = -r + 1. Let s(w) = 3*w - 5. Let p(z) = 2*m(z) + s(z). Let x(v) = 1. Let o(a) = 2*p(a) + 7*x(a). Give o(h).
-1
Suppose -5*c + 3 + 7 = 3*n, -5*c + 10 = -5*n. Let m(a) = 0*a + 3*a**3 + 8*a**2 - a - 2 + 0 - c*a**3. Calculate m(-8).
6
Let n(a) = 4*a + 2. Suppose 0 = -5*z - 0*z - 15. Let i be 88/32 + z/4. Let f be ((-6)/15)/(i/10). Calculate n(f).
-6
Let u = -70 - -134. Suppose -u = 4*o - 0*o. Let x be (-13)/(-4) - (-4)/o. Let a(i) = i**2 - 2*i + 2. Calculate a(x).
5
Let d(s) be the second derivative of -s**4/12 - 11*s**3/6 - 3*s**2 - 134*s. Calculate d(-4).
22
Let i(l) = l - 1. Let d be -1 - ((1 - 1) + 0). Let b(y) = 7*y + 3. Suppose -3*n = -3, -4*v = n + 7 - 0. Let k(o) = d*b(o) + v*i(o). What is k(-1)?
8
Let g(t) = t - 3. Let b be g(7). Suppose 5 = 3*a - b*c - 7, -5*c = -4*a + 15. Let z(r) = 0*r + 2*r**3 + a*r + 2*r**2 - 4*r**3. Determine z(2).
-8
Let a(t) be the third derivative of t**4/3 + t**3/6 + t**2. Suppose 0 = 2*l - 3*w - 8, 0 = -2*l + 5*l - 3*w - 6. Give a(l).
-15
Let v be (-15)/2*(-6)/9. Suppose 4*r - 10 = -3*b, 0*r + 5 = 4*b - 3*r. Suppose -8 = b*w + v*f - 3*f, -5*f - 12 = 4*w. Let h(g) = -g - 7. Calculate h(w).
1
Let n = -869 + 874. Let y(s) = -7*s + 44. Give y(n).
9
Let c be 3 - 2 - 0 - 40/10. Let w(h) = -h**2 - 3*h - 2. What is w(c)?
-2
Suppose 11*z - 4 = 10*z. Let k(o) = -4*o**2 + o**2 - 5*o + 8 - 4 + o**3. Calculate k(z).
0
Let t(c) = -2*c**2 + 3*c + 4. Let j be (45 - 44)/(2/8). Calculate t(j).
-16
Let j(d) = 7 + 12*d - 5*d + 9*d**2 + d**3 - 8 + 0*d**3. Let l(s) = -s**2 + 2*s + 7. Let c be l(5). Calculate j(c).
7
Let l(t) = -t**2 - 14*t + 1. Let v be l(-13). Let q(j) = -11*j - 2*j + v*j + 1. What is q(-1)?
0
Let f(p) be the third derivative of -p**5/60 - p**4/4 + p**3/6 - 50*p**2. Determine f(-4).
9
Let n(p) be the third derivative of p**4/24 + 3*p**3/2 + 7*p**2. Calculate n(-7).
2
Let p(n) be the first derivative of -n**4/12 - 5*n**3/6 + 5*n**2/2 + 2*n + 3. Let t(d) be the first derivative of p(d). Calculate t(-6).
-1
Let d(v) be the first derivative of v**2/2 + 4*v - 70. Give d(15).
19
Let o be (1 + 15 + -2)*2. Let d = 42 - o. Let h be 1/(-3) + d/6. Let l(y) = y + 1. Determine l(h).
3
Let g be 2/((-8)/(-116)*-1). Let a = 29 + g. Suppose 5*f + 4 + 21 = a. Let h(p) = p**3 + 5*p**2 - p - 2. Give h(f).
3
Let u = 42 + -83. Let q = u + 38. Let t(x) = 5*x - 1. Give t(q).
-16
Let a(w) be the first derivative of -2*w**2 - 6*w + 122. What is a(-5)?
14
Let f(s) be the third derivative of 2*s**3 + 0*s - 5*s**2 + 0 + 1/12*s**4. Let n be f(-8). Let a(w) = -2*w - 5. What is a(n)?
3
Let c(n) be the second derivative of n**3/2 + 8*n**2 - 9*n - 3. What is c(-4)?
4
Let k(r) = r**3 - 9*r**2 + 4*r + 2. Let d(v) = -6*v**3 + 45*v**2 - 18*v - 6. Let q(y) = -2*d(y) - 11*k(y). Give q(-10).
-30
Let m = 51 + -1. Let x = m + -50. Let t(k) = k + 12. Give t(x).
12
Suppose -3*v + 8 + 1 = 0. Suppose 0 = 5*t - 3*f - 21, 1 + 6 = v*t + f. Let d = t - 8. Let p(x) = -x**2 - 6*x + 2. Calculate p(d).
7
Let f(x) = -x**2 + 12. Suppose -48 = -2*q + 3*q. Let z = 48 + q. What is f(z)?
12
Let c(i) = i**3 - 6*i**2 + 2. Let r(p) = 0*p + 8*p**3 + 3 - 6*p**3 - 11*p**2 + 0*p. Let u(d) = -7*c(d) + 4*r(d). Determine u(3).
7
Let y = -9 - -12. Suppose -12 - 28 = -5*m. Suppose 4 + m = y*q. Let o(c) = c**3 - 4*c**2 + 3*c - 6. Determine o(q).
6
Let j(n) = 2*n - 10. Let x be j(6). Suppose -6*w - 4 = -x*w. Let y(l) = -l - 1. Let p(b) = b - 5. Let u(a) = p(a) - 4*y(a). Calculate u(w).
-6
Let v be 14/3 - (-20)/60. Let l(f) = f**2 - f + 1. What is l(v)?
21
Let c be ((8 + -10)*2)/(-2). Let z(b) be the second derivative of -b**4/12 - b**2/2 + 5*b. Determine z(c).
-5
Let l(c) be the third derivative of -c**5/60 - c**4/4 + c**3 - 15*c**2. Let d = -136 - -130. Determine l(d).
6
Let l(g) = g**3 + g**2 - g + 3. Let o be 4/(36/(-15)) - (-280)/(-120). Calculate l(o).
-41
Suppose b - 4 = -2*a + 7, 2 = -2*b + 2*a. Let p(r) = 7 - 9 - b - 2*r + 6. Determine p(4).
-7
Let t(f) = -3*f**3 - f**2 - f + 2. Let g be 272/(-128) - 3/(-24). Give t(g).
24
Let q = -1068 - -1064. Let o(c) = -c - 5. Give o(q).
-1
Let w(x) = -x**2 - 22*x + 45. Let y be w(-24). Let p(r) be the first derivative of -3*r**2/2 - 2*r + 1. Determine p(y).
7
Let p(d) = -d**2 + 12*d + 108. Let v be p(-6). Let x(z) be the second derivative of v + 1/20*z**5 - z**2 + 5/12*z**4 + 5*z - 7/6*z**3. Give x(-6).
4
Let b(y) = -y**2. Let r(q) = -q. Let c(t) = 6*t**2 - 1. Let p(x) = c(x) - 2*r(x). Let f(j) = -5*b(j) - p(j). Give f(-4).
-7
Let r(i) = 42*i + 2. Let q(t) = 22*t + 1. Let m(x) = 5*q(x) - 3*r(x). What is m(2)?
-33
Let i(k) = -11*k + 3. Suppose 200*x = 202*x - 4. Give i(x).
-19
Let p(w) be the third derivative of w**5/60 + 5*w**4/24 + 2*w**3/3 - 217*w**2. What is p(-1)?
0
Let i(l) = l - 6. Let b(r) = r**2 - 16*r - 78. Let z be b(20). Calculate i(z).
-4
Let i = 17 + -12. Suppose -4*x = -2*q + 5*q - 16, -5*x = 3*q - 17. Let b(h) = -h - h - 1 + q*h - 3*h. Give b(i).
-6
Let i(v) be the second derivative of v**6/360 - v**5/20 + v**4/12 + 7*v**3/6 - 9*v. Let u(r) be the second derivative of i(r). Determine u(5).
-3
Suppose 5*h - 488 = 4*x, -168 = -3*h - 4*x + 112. Let i be h/10 - (-3)/(-5). Let y(t) = -i*t + 5*t + t + 3. Determine y(3).
-6
Let f(o) be the second derivative of o**5/60 - o**4/24 - 7*o**3/6 - o**2/2 + 11*o. Let z(q) be the first derivative of f(q). What is z(0)?
-7
Let b(q) = 3*q**3 + 92*q**2 - 44*q**2 - 51*q**2 - 2*q**3 + q. Let p = 4 - 2. Calculate b(p).
-2
Suppose 7*y - 3*y = 8. Suppose -15 = -y*t - t. Let f(n) = -n**3 + 2*n**3 - 4*n**3 + t*n + 3 + 2*n**3 - 3*n**2. Determine f(-4).
-1
Let p(x) = -x**3 - 6*x**2 - 10*x + 6. Let v(o) = o - 1. Let m(t) = -p(t) - 4*v(t). Let k be (5 - 2)/(24/(-15) + 1). What is m(k)?
-7
Let x(r) be the second derivative of r**5/20 - r**4/2 - r**3/3 - 3*r**2/2 - 3*r - 2. Let s = 20 - 14. Determine x(s).
-15
Let u(h) = 2*h**2 - 5*h. Let c be (-47)/(-5) + -9 - (-16)/10. What is u(c)?
-2
Suppose -3*k + 9 = 3*c + 3, -5*k = 5. Let p(a) = c*a - 5 - 6*a + 2*a**2 - 2*a + 2*a**2 + a**3. Give p(-5).
-5
Let d(j) = -j**2 - j. Let g(r) be the first derivative of -r**3 - r**2 + r + 33. Suppose 4*o + 3 + 1 = 0. Let m(b) = o*g(b) + 4*d(b). Determine m(-1).
0
Let j be 15/6*(-12)/(-10). Let s(t) = -5*t. Let f(r) = -21*r + 2. Let q(v) = f(v) - 4*s(v). What is q(j)?
-1
Let f(v) = v + 3. Let n be -2 + 5 + 6 - 1. Suppose 18 = 2*p - n*p. Give f(p).
0
Let f(o) = -8*o**2 + 2*o + 4. Let b(m) = m**2. Let n(s) = -10*b(s) - f(s). Calculate n(-3).
-16
Suppose 9 = -5*l + 8*l. Suppose l*c - 1 = 8. Suppose 0*r + 12 = -c*r, -2*t = -3*r - 32. Let g(o) = o**3 - 11*o**2 + 11*o - 4. Give g(t).
6
Let t(d) = -d + 1. Let p(a) = -2*a + 1. Let s(v) = -p(v) - 2*t(v). What is s(3)?
9
Suppose 0 = 5*m - m - 20. Suppose q = m*c + 3, 2*c = -2*q - 2*q - 10. Let k be -2*2/(-4)*c. Let n(w) = 11*w**3 - w**2 - 2*w - 1. Give n(k).
-11
Let o(d) = d**3 - 5*d*